mmon factor of 2 and b.
2
Let u = 221 + -111. Calculate the highest common factor of u and 165.
55
Let p be (2 + 0)/((-6)/(-57)). Let r(c) = c - 4. Let a be r(6). Let m be a/(-8) + (-381)/(-4). What is the greatest common factor of p and m?
19
Suppose 4*r - 324 = 3*m, 2*m - r - 339 = 5*m. Let c be (15/(-10))/(4/(m/6)). What is the highest common factor of c and 21?
7
Suppose 4*s - o = 103, -97 = 5*s - 9*s - o. What is the highest common divisor of 275 and s?
25
Suppose 0 = w + 201 - 309. Calculate the greatest common divisor of 1026 and w.
54
Let k = 308 - 80. Calculate the greatest common divisor of k and 1254.
114
Let s(v) = -59*v + 20. Let l be s(0). Let i = 18 - -28. Let y = l + i. What is the highest common divisor of 99 and y?
33
Suppose 172 = 6*g - 20. Calculate the highest common factor of 160 and g.
32
Let k = 258 - -1520. What is the greatest common divisor of 14 and k?
14
Let r be -1 - (128/(-2) - -3). Suppose -2*a = -19 - 29. Calculate the greatest common factor of r and a.
12
Let q be (-16)/(-36) + (-6864)/(-108). Calculate the greatest common factor of q and 80.
16
Let a be (-1554)/(-28)*4/3. Let v be a/4 - 36/(-24). Suppose -4*i + v = 0, -3*i + 39 = 3*m - m. What is the highest common divisor of m and 108?
12
Let d(z) = -72*z - 32. Let v be d(-2). What is the greatest common factor of v and 280?
56
Suppose -24 = -2*m - 4. Let z = 1742 + -1740. What is the highest common factor of m and z?
2
Suppose -9*j + 6*j + 3*u + 12 = 0, -j + 3*u = -8. What is the highest common factor of j and 9?
1
Let j(u) be the first derivative of -u**2/2 + u + 4. Let z be j(-3). Suppose h = 5*k + 22 - 7, -3*h = -z*k - 45. What is the greatest common factor of 15 and h?
15
Let q = -409 + 427. Let f(p) = p**2 + 8*p - 6. Let b be f(-8). Let o = b + 12. Calculate the greatest common factor of o and q.
6
Suppose -698 = -7*m - 544. Calculate the greatest common factor of m and 88.
22
Let s be 4*(-4)/(-64) - 46/(-8). Suppose -6*m - 13 = -2*m + j, -4*m + j = 3. Let t be ((-60)/14)/(m/14). What is the highest common divisor of s and t?
6
Let s be (-3)/(-7) + 3 - 117/273. What is the greatest common factor of 114 and s?
3
Let r be 1/3 - 15/(-9). Let i = -51 + 55. Suppose -18 = -7*a - i. What is the highest common divisor of r and a?
2
Let y be 4/(-18) - (1 + 272/(-9)). Let h = -281 + 484. What is the highest common divisor of h and y?
29
Suppose 42 = 4*q - 2. Suppose -5*h + q - 1 = 0. Suppose -7*b + h*b = -45. What is the greatest common factor of b and 45?
9
Let f(z) be the third derivative of -z**5/60 + 5*z**4/24 + 5*z**3/3 - 24*z**2. Let s be f(4). What is the highest common factor of s and 98?
14
Let c(h) = 16*h**2 - 9*h. Let j be c(4). Calculate the greatest common factor of 50 and j.
10
Let u(h) = 10*h - 8. Let o be u(7). Let y = 4083 + -4052. Calculate the highest common factor of y and o.
31
Suppose -5*c - 64*p = -59*p - 360, 5*p = 10. What is the greatest common factor of c and 126?
14
Let n be 570/24 - 3/(-12). Let y(p) = 25*p**3 - p. Let t be y(1). Calculate the highest common divisor of n and t.
24
Suppose -5*a - 10 = 8*f - 3*f, -5*a - 4 = 4*f. Let z = f - -11. Calculate the greatest common factor of z and 45.
5
Let x = 818 + -802. Calculate the highest common factor of x and 1168.
16
Suppose 0 = 5*u + 5, 2*g - 5*u + 140 + 121 = 0. Let w be (-11)/44 - (g/4 - 2). What is the highest common divisor of 15 and w?
5
Suppose -4*o = -a + 2*a - 342, o + 639 = 2*a. Calculate the greatest common divisor of a and 28.
14
Let j(q) = q**2 - 6*q + 12. Let t be j(3). Calculate the highest common factor of t and 597.
3
Let z = -27 + 29. Let v be 30 + (z - 2) + 2. Suppose -2*t + 5*p = 5, -4*t - 3*p + v + 23 = 0. Calculate the highest common factor of 80 and t.
10
Let p be 49 + 0 + (-15 - -15). Let i = 4 + 1. Suppose -5*w + 100 = -4*z, -i*z - p = -4*w + 40. Calculate the highest common factor of w and 64.
16
Let n(v) = 12*v**2 - 4*v - 24. Let r be n(-3). What is the highest common factor of 72 and r?
24
Let l be (-130)/(-14) + (-2)/7. Let v(y) = 3*y**2 + 3*y + 4. Let s be v(-3). Let i = s - l. What is the greatest common divisor of 13 and i?
13
Suppose 0 = 6*q - 3 + 9. Let g be 60*(0 + q)*(-11 + 10). Calculate the highest common divisor of 12 and g.
12
Suppose 3*g - 13 - 137 = 0. Suppose -3*v + 0*v = -9. Let u be ((-10)/3)/(6/(-54)*v). What is the greatest common divisor of g and u?
10
Let d be -2 + 51/24 - (-7364)/224. Calculate the greatest common divisor of 2739 and d.
33
Let p(x) = 28*x + 422. Let y be p(-15). What is the greatest common factor of 22 and y?
2
Let u be ((-15)/2)/(45/(-60)). Let i be 12/u*(-5)/(4 - 5). Calculate the highest common factor of 8 and i.
2
Suppose 2*t = 4*z - 100, 11*t = 15*t - 8. Let y(q) = -2*q**3 + 2*q + 4. Let r be y(-3). Calculate the highest common factor of z and r.
26
Suppose 4*b + 432 = -4*z, -b + 216 = -3*b + 3*z. Let r be -1*(b + -1) - 4. Suppose w = 9 + 12. Calculate the highest common divisor of w and r.
21
Let c(s) = 32*s**3 - s**2 - s + 1. Let a be (-4)/(-8)*(-1 + 3). Let x be c(a). Let z = x + -22. What is the greatest common divisor of 72 and z?
9
Let f be ((-2)/(-4))/((-4)/(-80)). Let l be -25*5*(-4)/20. What is the highest common divisor of l and f?
5
Suppose -14*h + 29 = -139. What is the highest common divisor of h and 32?
4
Suppose -2*g - 3*r = -3*g + 56, -180 = -5*g - 5*r. Suppose 4*j - g = -13. What is the greatest common divisor of 7 and j?
7
Let h be (266/28)/((-14)/(-4) + -3). Calculate the highest common factor of h and 817.
19
Let y be -375*-1*(-10)/(-25). What is the highest common factor of 60 and y?
30
Let y(z) = -z**2 - z + 3. Let b be y(0). Suppose 3*n - 264 = 2*o, -b = -2*o + 3. What is the greatest common factor of 10 and n?
10
Let u(a) = a**3 + 6*a**2 + a - 8. Let s be u(-6). Let m = s + 17. Suppose 0*d + 27 = m*d. What is the greatest common factor of d and 1?
1
Let k(j) = -2*j + 4. Let s be k(-8). Suppose 115 = 5*a + s. What is the highest common factor of a and 38?
19
Let z(d) = 12*d**2 - 5*d + 8. Let b be z(2). What is the greatest common divisor of b and 4?
2
Let o(h) = -4*h**3 + 3*h**2 + 10*h + 21. Let s be o(-3). Let d be 1 - -16 - 0/2. Let i be d - (-2 - (1 - 2)). What is the greatest common divisor of s and i?
18
Let v be 8/(-4) + (3 + -2 - -7). Suppose -v*w + 61 - 13 = 0. What is the highest common factor of w and 4?
4
Let s be (3/(-2))/((-1)/178). Suppose -3*z + 404 + 7 = 2*b, 0 = -2*z + b + s. What is the highest common divisor of 27 and z?
27
Let n = 341 + -323. Calculate the greatest common divisor of 801 and n.
9
Let n(a) = a - 47. Let t(r) = -3*r + 96. Let h(x) = 14*n(x) + 6*t(x). Let q be h(-25). Calculate the highest common factor of 18 and q.
18
Let x(a) = -2*a - 8. Let r be x(4). Let m = r - -16. Suppose m = -3*q - 0*q + 3*s + 276, 10 = -5*s. Calculate the greatest common divisor of q and 10.
10
Suppose -2*h = 2*u - 330, -526 = -3*u + h - 27. Let v = -81 + u. Calculate the greatest common factor of v and 34.
17
Suppose -5*t = -5*j - 230, 3*j = -2*t + 21 + 96. What is the highest common divisor of t and 6?
3
Let u(f) = 11*f**2 + 10*f + 25. Let v be u(-3). Suppose v*c - 92*c = 28. What is the highest common divisor of c and 70?
14
Suppose 30*a + o = 27*a + 97, o = 3*a - 107. Calculate the greatest common divisor of a and 867.
17
Suppose 0 = 4*r + 5*o - 24 + 8, 2*r - 8 = 5*o. What is the highest common divisor of 58 and r?
2
Suppose 2*q + 1 - 5 = 0. Let b(a) = 16*a. Let z be b(q). Suppose 101*d - 3120 = -94*d. Calculate the highest common divisor of d and z.
16
Suppose -5*g - 35 = -0*g. Let u = -17 - g. Let s = 21 + u. Calculate the greatest common factor of 99 and s.
11
Suppose 15 = 3*t - c + 2, -2*c + 4 = 0. Let g(r) = r**2 + 5*r + 4. Let f be g(-6). Calculate the greatest common factor of f and t.
5
Suppose -4*q - 2*q = -420. What is the greatest common divisor of q and 42?
14
Let x = -3 - 9. Let s be (x/8)/((-2)/16). Let o = -115 - -121. What is the greatest common divisor of o and s?
6
Let u(h) = -39*h + 55. Let x(a) = -78*a + 111. Let l(q) = 5*u(q) - 3*x(q). Let z be l(6). Calculate the greatest common factor of z and 16.
16
Let i be 0/(-2) + -6 + 9. Let m be i + -2 + 3 + 14. Suppose -2*f + 67 + 41 = 0. Calculate the greatest common factor of m and f.
18
Let v be 72/14*(0 + 7